{"id":1592,"date":"2020-05-11T10:36:47","date_gmt":"2020-05-11T08:36:47","guid":{"rendered":"http:\/\/www.vina-prodan.hr\/shop\/?post_type=product&#038;p=1592"},"modified":"2023-03-09T18:05:08","modified_gmt":"2023-03-09T17:05:08","slug":"biska-10-l","status":"publish","type":"product","link":"https:\/\/www.vina-prodan.hr\/shop\/product\/biska-10-l\/","title":{"rendered":"Biska 1,0 l"},"content":{"rendered":"","protected":false},"excerpt":{"rendered":"<p><strong>BISKA-<\/strong> doma\u0107i aperitiv, alk. 34,5% vol Sastojci:komovica, macerat biske (imela),med<br \/>\nBiska je vrsta biljke, nekima poznatija pod imenom imela. Njezini su plodovi otrovni, dok stabljika i listovi imaju izrazito ljekovita svojstva. Biska se radi po cijeloj Istri, te je stoga to najbolje podneblje ako \u017eelite ku\u0161ati doma\u0107u rakiju od imele.<\/p>\n","protected":false},"featured_media":1593,"template":"","meta":[],"product_cat":[52],"product_tag":[],"_links":{"self":[{"href":"https:\/\/www.vina-prodan.hr\/shop\/wp-json\/wp\/v2\/product\/1592"}],"collection":[{"href":"https:\/\/www.vina-prodan.hr\/shop\/wp-json\/wp\/v2\/product"}],"about":[{"href":"https:\/\/www.vina-prodan.hr\/shop\/wp-json\/wp\/v2\/types\/product"}],"wp:featuredmedia":[{"embeddable":true,"href":"https:\/\/www.vina-prodan.hr\/shop\/wp-json\/wp\/v2\/media\/1593"}],"wp:attachment":[{"href":"https:\/\/www.vina-prodan.hr\/shop\/wp-json\/wp\/v2\/media?parent=1592"}],"wp:term":[{"taxonomy":"product_cat","embeddable":true,"href":"https:\/\/www.vina-prodan.hr\/shop\/wp-json\/wp\/v2\/product_cat?post=1592"},{"taxonomy":"product_tag","embeddable":true,"href":"https:\/\/www.vina-prodan.hr\/shop\/wp-json\/wp\/v2\/product_tag?post=1592"}],"curies":[{"name":"wp","href":"https:\/\/api.w.org\/{rel}","templated":true}]}}